t g be t(j). Calculate the highest common factor of 13 and g.
13
Let a(i) = i - 10. Let u be (-2)/(-7) + 328/28. Let d be a(u). What is the highest common divisor of 8 and d?
2
Let l = -2 + 4. Let r(w) = -w**3 + 7*w**2 - 5*w - 7. Let g be r(5). Calculate the greatest common factor of l and g.
2
Let f(v) = v**2 + v - 12. Let q be f(6). Calculate the greatest common factor of q and 6.
6
Let u(n) = 4*n - 4. Let t be u(7). Suppose 0 = 2*x - x. Suppose 4*h + x*h = 3*i - 52, 0 = i - 3*h - t. What is the greatest common divisor of i and 12?
12
Let n be -1 + -10 - (7 - 5). Let h = 21 + n. What is the highest common divisor of 20 and h?
4
Let n = -176 - -275. Calculate the highest common factor of 11 and n.
11
Suppose -3*m = -7*i + 2*i + 31, -52 = -5*i - 4*m. Calculate the greatest common divisor of i and 88.
8
Suppose 0 = -11*p + 7*p + 36. Calculate the highest common factor of p and 72.
9
Let u = 13 - -2. Suppose 3*f + 7 = 4*i, 5*i - 16 = i. Suppose -f*p + 2*p = g - 71, 0 = -3*g - 4*p + 209. Calculate the greatest common divisor of g and u.
15
Suppose -3*c + 0*y + 51 = -y, 4*c + 3*y - 55 = 0. Calculate the greatest common divisor of 176 and c.
16
Let s = 36 + -34. What is the highest common factor of s and 5?
1
Let d = 46 - 6. Let k(a) = 12*a - 2. Let h be k(1). Calculate the highest common factor of h and d.
10
Let f be -1 - (2 - (7 - 4)). Let b be (12/10)/((-2)/(-20)). Suppose 2*m - 4*v - 6 = f, 5*m + v = 58 + b. Calculate the greatest common divisor of m and 104.
13
Suppose 5*c = 159 + 721. What is the greatest common divisor of c and 22?
22
Let y = 38 + 2. Let x = 0 - -16. Calculate the greatest common divisor of x and y.
8
Let s(w) = -3*w**3 - 3*w**2 - 4*w - 2. Suppose 2*y - y + 2 = 0. Let h be s(y). Let f = h + -7. What is the greatest common factor of 11 and f?
11
Let x(h) = -h + 22. Let i be x(15). Suppose -4*s - g + 4 = -6*g, -4*g = s - 1. Let w = i + s. What is the highest common factor of 4 and w?
4
Suppose 5*f - 18 = 2. Suppose 3*d - z = 39, -3*d + 13 + 35 = -f*z. Let x = 28 + -16. What is the highest common factor of d and x?
12
Let r = 226 - -82. What is the greatest common divisor of r and 28?
28
Let v be -4 + (4 - -9) - -1. What is the greatest common factor of v and 4?
2
Let k be (-2547)/(-33) - 4/22. Let n = -6 + -4. Let m be 4/10 - 66/n. What is the highest common divisor of m and k?
7
Let i = 1 + 12. What is the greatest common divisor of i and 26?
13
Suppose 7*y + 616 = 18*y. Calculate the greatest common factor of 168 and y.
56
Let z = 157 - 76. Calculate the greatest common divisor of z and 9.
9
Suppose 3*h = 11 + 16. Calculate the highest common divisor of h and 72.
9
Suppose 6*l = 3*l + 12. Let q be (20/(-6))/(l/(-6)). Suppose 5*g + 20 = 4*n, 3*n - 5 = 2*n + 5*g. What is the greatest common factor of n and q?
5
Let j(c) = -c**3 - 3*c**2 - 8*c - 3. Let z be j(-6). Suppose -11*d - 17 = -12*d. What is the greatest common divisor of z and d?
17
Let v(k) = k**2 + 14*k + 16. Let n be v(-10). Let q = 24 - n. What is the greatest common factor of q and 32?
16
Let j(x) = 8*x**3 + x**2 + 2. Let s be j(2). What is the highest common factor of 175 and s?
35
Let h(g) be the second derivative of -2*g**3/3 - 2*g. Let a be h(-10). Calculate the highest common factor of 5 and a.
5
Suppose 0 = -3*g + 5*w - 3*w + 25, -4*g + 64 = 5*w. Let z be 1/(-2) - 46/(-4). Calculate the highest common factor of z and g.
11
Let q(c) = 4 - 2 - c + 2 - 1. Let l be q(-7). What is the greatest common factor of l and 15?
5
Let k = 1 + 21. What is the greatest common factor of 88 and k?
22
Let o be (16/24)/((-4)/(-7530)). Suppose -o = -5*f + 4*g - 2*g, -754 = -3*f + g. Calculate the greatest common factor of f and 23.
23
Suppose 14 = m - 18. Calculate the highest common divisor of m and 80.
16
Suppose 0 = -v + 3*v - 90. Suppose 0*w = -w - v. Let b be w/(-20)*16/6. Calculate the highest common divisor of 48 and b.
6
Let w be 1/5 - 1472/10. Let d = 15 - 290. Let u = w - d. Calculate the greatest common divisor of 16 and u.
16
Suppose 0 = 5*d - 31 + 1. Let o = d - 1. What is the greatest common factor of 55 and o?
5
Let k(z) = 4*z - 4. Suppose -6 = -2*d, 5*d - 4 = -3*o + 20. Let p be k(o). What is the greatest common factor of p and 2?
2
Let c(k) = -25*k + 58*k - 30*k + 22. Let o be c(0). What is the greatest common factor of o and 22?
22
Let h be (12/5)/((-3)/10). Let n(c) = -2*c - 11. Let f be n(h). Calculate the highest common factor of 55 and f.
5
Suppose 0 = 2*c - 3*c + 144. Calculate the highest common factor of 24 and c.
24
Let x(b) be the third derivative of b**4/24 + 77*b**3/6 - 2*b**2. Let v be x(0). Suppose -33 = -0*c - 3*c. What is the greatest common divisor of c and v?
11
Suppose 3*k = 9 + 27. Let x(i) = -i + 2. Let q be x(-3). Suppose -q*g - 113 + 773 = 0. Calculate the highest common factor of g and k.
12
Let s = 6 + -11. Suppose 6*l - l = -465. Let v = s - l. What is the greatest common divisor of 8 and v?
8
Let d = 53 - 29. Calculate the highest common factor of d and 216.
24
Let k(d) = d + 3 - 4 + 16*d. Suppose 0 = -3*h + 2 + 1. Let y be k(h). What is the highest common divisor of y and 144?
16
Let j = -24 - -38. Calculate the highest common factor of j and 7.
7
Let y be 2*(-1 + 27)/(8/2). Calculate the highest common factor of 91 and y.
13
Let f = -26 - -32. What is the greatest common divisor of f and 2?
2
Let m(f) = f**2 + f. Let v(j) = -j - 1. Let o(r) = m(r) - 3*v(r). Let c be o(-4). Calculate the greatest common factor of c and 6.
3
Suppose 0 = 18*y - 20*y + 2. Let v be y/5 - (-279)/5. Calculate the highest common factor of 8 and v.
8
Let b = 6 + 0. Calculate the highest common factor of b and 66.
6
Suppose 6*s - 58 - 14 = 0. Calculate the greatest common factor of 36 and s.
12
Suppose 4*g - 15 = 13. Let t(j) = -j**2 - 9*j - 11. Let a be t(-6). Calculate the highest common factor of g and a.
7
Let c(o) = -o**3 + 9*o**2 + 2*o + 3. Let i be c(9). What is the greatest common factor of i and 84?
21
Suppose 0 = 6*k - 78 + 6. Calculate the highest common factor of 48 and k.
12
Let n(h) = -7*h**2 - 7*h + 1. Let k be n(-5). Suppose -6*r = -10*r + 1004. Let l = k + r. Calculate the greatest common divisor of 16 and l.
16
Let o be 3*20/48*-12. Let b be 4/6 + (-740)/o. What is the greatest common divisor of b and 10?
10
Suppose 0 = 3*r + 4*i - 8, 2*r + 5*i - 19 = -2. Let k be (2 - (0 - r)) + 5. Calculate the greatest common divisor of k and 2.
1
Let x be (-1)/5 + 6/5. Suppose 3*y - 36 = -y. Calculate the highest common divisor of x and y.
1
Let n = -42 + 51. What is the highest common divisor of n and 9?
9
Suppose 0 = 5*d + 3*k - 52, 2*d - k + 4 = 4*k. Let c(w) = -15*w - 4. Let n be c(-4). What is the greatest common factor of n and d?
8
Let b(j) = -j**2 + 10*j - 8. Let y be b(8). Let p(k) = k**2 + k + 8. Let n be p(y). What is the greatest common divisor of n and 20?
20
Suppose -2*c = -142 + 54. What is the highest common divisor of 11 and c?
11
Let w(s) be the first derivative of s**4/4 - 5*s**3/3 + 3*s**2/2 - 6*s - 2. Let a be w(5). What is the highest common divisor of a and 3?
3
Let f = 23 - -129. Calculate the highest common divisor of f and 19.
19
Suppose 0 = -13*x + 11*x + 60. Calculate the greatest common divisor of 15 and x.
15
Suppose -2*t = 5*y - 28, 3*y - 36 = -4*t + 48. What is the greatest common divisor of 216 and t?
24
Let w = 15 - 10. Suppose -5 = -w*i - 0*i. Suppose -k - 2*q + 7*q + 32 = 0, -2*k - 6 = 4*q. Calculate the highest common divisor of i and k.
1
Suppose 0 + 306 = 2*w. What is the highest common factor of 9 and w?
9
Let k(d) = -d + 1. Suppose 10 = -2*j, -2*f - j = -2 + 11. Let p be k(f). Calculate the greatest common divisor of 6 and p.
3
Suppose -z - 4 + 1 = 3*c, -4*z + 6 = 3*c. Let l(u) = u**3 - 5*u + 3. Let r be l(z). What is the highest common divisor of 3 and r?
3
Let n = -18 + 25. Suppose -4*o + 3 = -z, 2*o - n = -6*z + z. Calculate the highest common factor of o and 1.
1
Let s = -3 + 6. Suppose 4*u = 2*f, s*f - 4*u - 7 = -3. Suppose f*y = -8, 3*a - 134 = -y + 5*y. What is the highest common factor of 28 and a?
14
Suppose -3*c + 4*p + 66 = -106, -108 = -2*c - 4*p. Calculate the greatest common divisor of 28 and c.
28
Let p(w) = w**3 + 5*w**2 - 3*w - 10. Let o be p(-5). Suppose -7 + 132 = o*f. What is the greatest 